20 - z**5/3 + 19*z**4/24 - 11*z**3/6 + 93*z**2. Determine b(19).
-11
Let c = 188 - 133. Let u be (8/(-5) - -2) + (-132)/c. Let h(y) = -6*y + 2. Calculate h(u).
14
Let k(r) = 2*r + 3. Let s(c) = -5*c**2 - c + 1. Let n be s(1). Let p be k(n). Let j(f) = -f - 12. What is j(p)?
-5
Let o(p) = p**3 - 3*p**2 - 4. Suppose 0 = v + 3*k - 11 - 2, 3*v = -5*k + 27. What is o(v)?
12
Let j be ((-10 - -3) + -3)*1. Let h(i) = 2*i**2 + 22*i + 22. What is h(j)?
2
Let l(i) = -2*i - 4. Suppose 148 = -6*k + 10. Let n(t) = t**3 + 22*t**2 - 23*t - 5. Let p be n(k). Calculate l(p).
6
Let b = 19 + -201. Let u be 3/9 + b/(-21). Let l(t) = 2*t**3 - 7 + u*t - t**3 - 2*t**2 - 7*t**2. What is l(8)?
1
Let x be (-16)/(-56)*(8 - 1). Let a(v) = 5 - 1 - 2 + 3*v**x - 2*v**2 + 6*v. Suppose 0 = u - 2*u - p - 5, 0 = -4*u - 5*p - 21. Give a(u).
-6
Let c(d) be the second derivative of d**6/120 - d**5/20 - d**4/4 + 2*d**3/3 + 5*d**2/2 + 26*d. Let z(b) be the first derivative of c(b). What is z(4)?
-4
Let l be (10/(-15))/(-3*2/(-18)). Let r(z) = z**3 - 8*z**2 - 3*z + 1. Let t(c) = -c**3 + c**2 + c + 1. Let d(x) = l*t(x) - r(x). Determine d(-6).
-9
Suppose -3*t + 56 = 50. Let q be 24/20*90/4. Let j(u) = -6*u + 29*u**3 - q*u**3 + 1 + 4*u - 2*u**2. What is j(t)?
5
Let j(u) = -2*u**2 - u**2 - 1 - u - 2*u**2 + 6*u**2. Suppose -o + 5 = -a, -4*a - 3*o + 10 = -o. Determine j(a).
-1
Suppose -4*g + 39 = -g. Let z = -11 + g. Suppose -7*j + z*j = -20. Let q(n) = -n**2 + 8*n - 6. Give q(j).
10
Let s(d) = 29*d**2 + 2*d + 2. Let x(t) = 2*t**3 + 22*t**2 + 12*t - 81. Let u be x(-10). What is s(u)?
29
Suppose -486 + 492 = 3*p. Suppose -f - 2*g = -2*f + 5, -5*f + 4*g = -19. Suppose -f*i + 8 = j, 3*j - p*j - 6 = -2*i. Let d(s) = 4*s - 2. Give d(j).
6
Suppose -10*m + 0*m = -360. Let f = m + -41. Let h(l) = -3*l - 5. Determine h(f).
10
Let j(m) = -m**2 - m - 3. Let v(s) = -2*s**2 + 5. Let w(l) = 2*j(l) + v(l). Let y be 2/6 - 4/3. What is w(y)?
-3
Let f(k) = -9*k. Let s be f(1). Let j = 405 - 416. Let n = s - j. Let y(i) = -i**2 + i + 2. Give y(n).
0
Let j(z) = z**3 + 3*z**2 + z + 1. Let v(y) = 3*y - 45. Let q be v(14). Calculate j(q).
-2
Let x(u) = -u**2 + 33*u - 257. Let q be x(21). Let s(d) = -d**2 - 6*d + 12. Calculate s(q).
17
Let n be ((-4)/(-3))/((-1)/3). Let k(d) be the third derivative of -d**5/30 - d**4/4 - 7*d**3/6 - 4*d**2. Let c(z) be the first derivative of k(z). Give c(n).
10
Let q(k) be the second derivative of -2/3*k**4 + 0 + 1/360*k**6 + 0*k**2 + 5*k + 0*k**3 - 1/20*k**5. Let o(l) be the third derivative of q(l). Determine o(4).
2
Let f(m) = -4*m - 2. Let i(s) = -7*s. Let w(g) = 2*f(g) - 2*i(g). What is w(5)?
26
Let a = 17 - 18. Let v = a - -4. Let q(r) = -1 + r + 0 - v - 3. Calculate q(4).
-3
Let n(c) be the third derivative of -c**4/24 + 5*c**3/3 - 27*c**2. Give n(8).
2
Let m be ((-3)/2)/((-3)/4). Let c(s) = 4 - 1 - 135*s**2 + 130*s**m - 2*s - 2. Determine c(1).
-6
Let v(z) be the second derivative of -1/20*z**5 + 12*z - 1/4*z**4 + 0 + 1/2*z**3 - 1/2*z**2. Calculate v(-4).
3
Let q(h) = h**3 + 12*h**2 + 21*h + 12. Let r = -954 - -944. Give q(r).
2
Let q(h) be the second derivative of -h**5/20 - h**4/3 + h**3/6 - 2*h**2 + h - 10. Suppose -2 - 18 = 5*n. Calculate q(n).
-8
Let z(y) = -y - 7. Suppose 0 = -4*m - 15 + 39. Let j be (0 - -1)/(m/18). Suppose 5*c - 18 = j*t, -3*t = 5*c + 26 - 8. Calculate z(t).
-1
Let o(z) = z**2 - 8*z - 16. Let l be o(10). Suppose -4*p - l*q = -2*q - 34, 3*p - 4*q - 9 = 0. Let h(d) = -d**3 + 8*d**2 - 6*d - 8. Determine h(p).
-1
Let o = 55 - 14. Let r(a) = -a - 3*a - o + 3*a + 45. Determine r(2).
2
Let v(d) be the second derivative of 0*d**4 - 1/20*d**5 - 5*d + 0 + 0*d**3 - 6*d**2. Let o(y) = y**3 - y**2 - y + 1. Let s be o(1). Give v(s).
-12
Let x(r) be the first derivative of -r**4/4 - 3*r**3 - 3*r**2/2 + 2*r - 186. Determine x(-8).
-38
Suppose 100 = -2*i + 104. Let g(c) = -c. Calculate g(i).
-2
Let d(y) be the second derivative of -y**3/3 - 21*y**2/2 + 143*y + 1. Give d(-14).
7
Let f(g) = -4*g**2 - 4*g - 3. Let o(l) = -l**2 - l. Suppose -12 = 4*v + s + 3*s, -5*s = -v - 15. Let n(b) = v*o(b) + f(b). Calculate n(-4).
9
Let p be (0/(-3))/(2/(-2 + 3)). Let u(d) = d**2 + d + 6 + d**3 + 0*d**3 + p*d. Let w(k) = -k**3 - 7*k**2 - 7*k - 6. Let x be w(-6). Calculate u(x).
6
Suppose 0*p + 4*p - 8 = 0. Suppose -4*k + 18 = 2*x, 4*k - 15 - 18 = x. Suppose k = -r + p. Let w(i) = 2*i + 5. Give w(r).
-5
Let w be -3*1/((-1)/1). Suppose 0 = -j + 4, w*j = 5*i - 2*j + 30. Let l(y) = -3*y + 1 - 2 - 7 + 5. Calculate l(i).
3
Let z(j) be the third derivative of j**7/1680 - j**5/60 + 3*j**2. Let w(i) be the third derivative of z(i). Let m(y) = -y - 1. Let b be m(-4). Give w(b).
9
Let x(w) = w**2 - 6*w + 1. Let p(y) = y**2 - 2*y - 4. Let f be p(-3). Let c = f - 15. Let l = 0 - c. What is x(l)?
-7
Let j = 232 - 232. Let t(i) be the third derivative of -3/2*i**3 + j + 0*i + i**2 - 1/60*i**5 - 1/120*i**6 + 0*i**4. Calculate t(0).
-9
Suppose k + 0*k = -5*b + 49, 5*b + 3*k - 57 = 0. Let i(y) = -2 + b*y - 7 - 6*y**2 + 5*y**2. Let z be (-8)/12 - (-20)/3. Calculate i(z).
9
Let o(j) = 7*j**2 - j. Let s(f) = -3*f**2 + f. Let y(z) = -2*o(z) - 5*s(z). Suppose -20 = 5*r, -r + 2 = -3*t + 12. Let k be 2 + -1 + t + 0. What is y(k)?
0
Let a(m) be the second derivative of -m**3/6 + 7*m**2/2 - m. Let j(r) = 1. Suppose 10*w + 3 = -7. Let c(u) = w*a(u) + 5*j(u). Determine c(3).
1
Let k(g) = g - 13. Let h be k(16). Suppose 3 = -5*a + 13. Let j(c) = -c**a + c + h - c + c. Give j(-3).
-9
Let f(y) = -4*y - 6. Suppose 5*d = 1129 - 1154. Calculate f(d).
14
Let z(k) = -k**3 + 7*k**2 - 7*k + 6. Let v be z(6). Let p(a) = v + 2 + 0 + 3*a. Suppose -6*b - 95 = 13*b. Give p(b).
-13
Let n(k) be the third derivative of k**7/2520 + k**6/80 + k**5/20 - k**4/6 + k**2. Let j(b) be the second derivative of n(b). Let i = 204 + -210. What is j(i)?
-12
Let f(u) be the second derivative of -u**4/12 + u**3 - 2*u**2 + 62*u. Calculate f(6).
-4
Let a = 1632 + -1626. Let b(h) = -h + 1. Determine b(a).
-5
Let s(b) = -3*b. Let o(f) = -4*f. Let r(c) = 2*o(c) - 3*s(c). Suppose 5*a = -4*q - 38, -3*a - 6 - 2 = -5*q. Calculate r(a).
-6
Suppose 0 = p - 2*p - 1. Let d(j) = 93*j - 33*j - 35*j - 30*j. Give d(p).
5
Let b(m) = -3 - 3*m**3 - 4*m**3 - 18*m**2 - 9 - 3*m + 17*m**2 + 10. What is b(-1)?
7
Let k(t) = -t**3 - 9*t**2 + 9*t - 13. Let f be k(-10). Let h(q) = -3*q + 4*q + 0*q - 1 - 5*q. Determine h(f).
11
Let y = 11 + -19. Let w = y + 11. Let m(v) = 5*v + 7 - v**2 - v**w - 5*v + 2*v**3 + v. Calculate m(0).
7
Let v(h) = -12*h - 1. Let r(b) be the first derivative of -b**2 - 2. Let q(i) = 14*r(i) - 2*v(i). Calculate q(-4).
18
Suppose -19*v + 20*v - 5 = 0. Let g(y) = 7*y**2 - 3*y + 3. Let k(h) = -15*h**2 + 6*h - 6. Let p(a) = -13*g(a) - 6*k(a). Calculate p(v).
-13
Suppose 3*b = 4*y - 6 + 25, 5*b + 3*y - 51 = 0. Suppose 24 = 5*c + b. Let a(o) = o**2 + 7 - o - 4 - 3*o. Calculate a(c).
0
Let i(u) be the first derivative of 3*u**2/2 - u - 1. Suppose -55*n = -n - 54. Give i(n).
2
Let y(k) = k**2 - 17*k + 2. Suppose -105*m + 5*x = -104*m - 12, -4*x = 3*m - 55. What is y(m)?
2
Let b(u) = -u**3 + 1632*u**2 - 7 - 4 - 2 + 5*u - 1637*u**2. What is b(-6)?
-7
Let p(t) = -t**2 + 9*t + 1. Let s(a) = a + 6. Let m be s(3). Calculate p(m).
1
Let a(m) be the first derivative of -m**3/3 + 11*m**2/2 - 12*m + 56. What is a(9)?
6
Let v(p) = 17*p + 7. Let w(a) = -69*a - 31. Let m(s) = -9*v(s) - 2*w(s). What is m(1)?
-16
Let j(x) = x**2 - 3*x + 2. Let f be j(3). Suppose -18 = f*n - 5*u, -3*u = -n - 0*u - 11. Let h(v) = 4*v + 1 - 3*v**2 - n + 2*v**2. Calculate h(3).
3
Let w(x) be the third derivative of x**4/24 + 3*x**3/2 - 47*x**2. Let d(k) = -1. Let b be 2/(-3)*3/2. Let h(z) = b*w(z) - 2*d(z). Give h(0).
-7
Let m(b) be the third derivative of -1/12*b**4 - 1/60*b**6 + 0 - 5*b**2 + 1/20*b**5 + 1/2*b**3 + 0*b. What is m(2)?
-5
Let m(h) = 10*h - 4*h - 2*h - h**3 - h**2 - 6*h - 4*h**2. What is m(-5)?
10
Let u(v) = v**3 + 8*v**2 + 8*v + 7. Suppose -2*t - m + 29 = 0, 4*t + m - 2*m - 61 = 0. Let i = t + -14. Let s be (-12*i)/2 + -1. Give u(s).
0
Let a(b) be the first derivative of -3*b**2/2 - 8*b - 16. Let d(m) = -6*m - 15. Let t(o) = -7*a(o) + 4*d(o). Determine t(-4).
8
Let w(r) be the second derivative of r**4/12 + 7*r**3/6 - 5*r**2/2 - 22*r - 2. What is w(-8)?
3
Let i(q) = 